sor of 9 and 3411.
9
Calculate the highest common factor of 142 and 86.
2
Calculate the greatest common factor of 270 and 1970.
10
Calculate the highest common factor of 5126 and 154.
22
What is the highest common factor of 244 and 24?
4
Calculate the greatest common factor of 160 and 60.
20
Calculate the highest common divisor of 55 and 341.
11
Calculate the greatest common divisor of 4655 and 245.
245
What is the greatest common divisor of 465 and 15?
15
Calculate the highest common factor of 832 and 65.
13
Calculate the greatest common factor of 26 and 104.
26
Calculate the greatest common divisor of 1014 and 2418.
78
Calculate the greatest common factor of 42 and 14868.
42
What is the greatest common divisor of 319 and 242?
11
What is the greatest common factor of 11292 and 12?
12
Calculate the highest common factor of 2365 and 11.
11
Calculate the highest common factor of 729 and 2592.
81
Calculate the greatest common divisor of 689 and 533.
13
Calculate the highest common factor of 6963 and 429.
33
What is the highest common factor of 7680 and 120?
120
Calculate the greatest common divisor of 1826 and 176.
22
Calculate the highest common divisor of 47862 and 18.
18
What is the highest common divisor of 374 and 550?
22
What is the greatest common factor of 1248 and 1824?
96
Calculate the highest common factor of 8 and 8.
8
Calculate the greatest common factor of 60 and 380.
20
Calculate the highest common divisor of 51 and 1.
1
What is the greatest common factor of 10 and 64270?
10
Calculate the greatest common divisor of 17 and 1547.
17
Calculate the highest common factor of 4653 and 1.
1
Calculate the highest common divisor of 109 and 872.
109
Calculate the highest common factor of 1793 and 33.
11
What is the greatest common factor of 18 and 36?
18
What is the highest common divisor of 3487 and 121?
11
Calculate the highest common factor of 522 and 290.
58
Calculate the highest common factor of 395 and 158.
79
Calculate the highest common factor of 497 and 142.
71
Calculate the highest common factor of 26 and 2054.
26
What is the greatest common factor of 174 and 60378?
174
What is the greatest common divisor of 62 and 62?
62
Calculate the highest common divisor of 225 and 125.
25
What is the greatest common factor of 305 and 61?
61
Calculate the greatest common factor of 25 and 6925.
25
What is the greatest common factor of 160 and 64880?
80
What is the greatest common factor of 377 and 87?
29
Calculate the highest common divisor of 255 and 1190.
85
Calculate the greatest common factor of 451 and 88.
11
Calculate the highest common divisor of 81 and 513.
27
Calculate the highest common factor of 856 and 24.
8
Calculate the greatest common divisor of 306 and 34.
34
What is the greatest common divisor of 7175 and 3444?
287
Calculate the greatest common factor of 10 and 1210.
10
What is the highest common factor of 9509 and 148?
37
Calculate the highest common divisor of 3432 and 1122.
66
Calculate the greatest common factor of 88 and 77.
11
Calculate the greatest common factor of 107 and 2461.
107
Calculate the highest common factor of 13824 and 216.
216
Calculate the highest common divisor of 242 and 990.
22
Calculate the greatest common divisor of 465 and 60.
15
Calculate the highest common divisor of 187 and 68.
17
What is the greatest common factor of 5216 and 176?
16
Calculate the highest common factor of 256 and 2368.
64
Calculate the greatest common divisor of 420 and 60.
60
What is the highest common divisor of 30 and 1215?
15
Calculate the greatest common divisor of 13 and 3809.
13
Calculate the highest common divisor of 58 and 725.
29
Calculate the highest common factor of 138 and 92.
46
Calculate the greatest common factor of 39 and 104.
13
Calculate the greatest common factor of 26 and 65.
13
Calculate the greatest common factor of 1595 and 232.
29
Calculate the greatest common divisor of 24 and 216.
24
What is the greatest common factor of 10780 and 140?
140
Calculate the highest common factor of 40 and 290.
10
Calculate the highest common factor of 20 and 40780.
20
Calculate the highest common divisor of 108 and 492.
12
What is the highest common factor of 583 and 53?
53
What is the highest common factor of 36 and 72?
36
Calculate the highest common divisor of 136 and 17.
17
What is the greatest common factor of 20 and 110?
10
Calculate the highest common factor of 11 and 10087.
11
Calculate the greatest common divisor of 287 and 7.
7
What is the highest common factor of 140 and 110?
10
What is the greatest common divisor of 1083 and 399?
57
Calculate the highest common divisor of 962 and 1850.
74
Calculate the highest common factor of 4223 and 82.
41
Calculate the highest common divisor of 22883 and 98.
49
Calculate the greatest common divisor of 3 and 91.
1
Calculate the highest common divisor of 48 and 928.
16
What is the highest common factor of 27 and 6?
3
Calculate the greatest common factor of 36 and 44.
4
Calculate the highest common divisor of 3179 and 22.
11
What is the greatest common divisor of 18 and 333?
9
What is the highest common divisor of 32118 and 636?
318
What is the greatest common divisor of 2727 and 162?
27
Calculate the highest common divisor of 8 and 4096.
8
What is the highest common factor of 55 and 65?
5
What is the greatest common divisor of 7808 and 61?
61
Calculate the highest common factor of 637 and 49.
49
Calculate the greatest common divisor of 2680 and 160.
40
Calculate the highest common divisor of 177 and 295.
59
Calculate the greatest common factor of 44 and 2684.
44
What is the highest common divisor of 560 and 35?
35
What is the greatest common divisor of 426 and 6?
6
What is the greatest common factor of 56 and 7168?
56
Calculate the greatest common divisor of 210 and 1440.
30
Calculate the greatest common divisor of 345 and 30.
15
What is the highest common divisor of 70 and 196?
14
Calculate the greatest common factor of 102 and 51.
51
What is the highest common divisor of 11 and 11671?
11
What is the highest common factor of 1312 and 41?
41
What is the highest common factor of 18 and 1326?
6
What is the highest common divisor of 10 and 895?
5
What is the greatest common divisor of 444 and 24?
12
What is the greatest common factor of 2125 and 17?
17
Calculate the greatest common divisor of 9958 and 52.
26
Calculate the highest common factor of 462 and 84.
42
Calculate the greatest common factor of 65 and 1495.
65
Calculate the highest common divisor of 133 and 152.
19
Calculate the highest common divisor of 2788 and 136.
68
Calculate the highest common divisor of 644 and 17227.
161
What is the greatest common divisor of 10907 and 13?
13
What is the greatest common factor of 35 and 630?
35
What is the highest common factor of 14 and 6874?
14
Calculate the highest common divisor of 24 and 3828.
12
What is the greatest common factor of 184 and 483?
23
Calculate the greatest common divisor of 324 and 6.
6
Calculate the greatest common divisor of 17105 and 55.
55
Calculate the highest common factor of 308 and 2068.
44
Calculate the highest common divisor of 18 and 300.
6
Calculate the greatest common factor of 2538 and 81.
27
Calculate the highest common factor of 24 and 11442.
6
What is the greatest common factor of 66 and 550?
22
Calculate the greatest common factor of 205 and 85.
5
What is the greatest common divisor of 176 and 16?
16
Calculate the greatest common factor of 544 and 408.
136
What is the greatest common divisor of 209 and 11?
11
What is the highest common factor of 6419 and 49?
49
What is the greatest common divisor of 73 and 657?
73
Calculate the greatest common factor of 221 and 78.
13
What is the highest common factor of 635 and 5?
5
What is the highest common factor of 21776 and 16?
16
Calculate the greatest common divisor of 750 and 705.
15
What is the highest common divisor of 18 and 2466?
18
Calculate the greatest common divisor of 155 and 5.
5
Calculate the highest common divisor of 2401 and 14.
7
What is the highest common factor of 8 and 2888?
8
Calculate the highest common divisor of 360 and 130.
10
What is the greatest common divisor of 2001 and 483?
69
What is the greatest common factor of 592 and 74?
74
Calculate the highest common divisor of 1800 